l + 127. Let w be f(1). Calculate the greatest common divisor of 54 and w.
54
Let h = 436 + -380. Calculate the highest common divisor of 728 and h.
56
Suppose -4*y + a + 17 = 0, 2*y = 7*y + 3*a. What is the greatest common factor of 4 and y?
1
Let z = 312 + -294. What is the greatest common divisor of z and 90?
18
Let b = 792 - 567. What is the highest common divisor of 6 and b?
3
Let z = 0 + 5. Suppose x + h + 0 - 1 = 0, 3*h + 15 = 0. Let a be (2 + 68/x)*3. What is the greatest common factor of z and a?
5
Let d(p) = -4*p**3 + 2*p**2 - 3*p. Let w be d(2). Let s = w - -36. Calculate the greatest common divisor of 18 and s.
6
Suppose 0 = -3*j - x + 4*x + 9, -2*j - 2*x = -6. Suppose -4*q + j*i + 37 = 0, 2*i + i + 24 = 3*q. What is the greatest common divisor of 143 and q?
13
Let i(w) = 5 + 1 - 2 + 3*w + 9. Let h be i(17). What is the highest common divisor of 8 and h?
8
Suppose 2*g - m - 12 = 0, g = -4*m - 0*m + 24. Calculate the highest common divisor of 992 and g.
8
Suppose 5*p = -5*b - 5, -4*p - b = 2*b. Suppose 4*d = p*d + 4. Suppose -2*w + 64 = d*z, 3*w = 3*z + 26 + 34. What is the highest common factor of w and 16?
8
Let z(m) = -m - 2. Let c = -28 - -22. Let a be z(c). What is the highest common factor of a and 20?
4
Suppose -8*h + 7*h + 10 = 0. Suppose 2*f + 182 = 662. Suppose -2*w = w, 3*w - f = -3*s. Calculate the highest common divisor of h and s.
10
Let i(k) = -16*k + 76. Let j(u) = 3*u - 15. Let v(c) = -2*i(c) - 11*j(c). Let s be v(11). What is the highest common divisor of s and 16?
2
Let c be (259/14)/(2/(-4)). Let x = c + 25. Let g be x/(-4) + (-35)/(-1). What is the highest common divisor of 57 and g?
19
Let w = 9 - -81. Let x = -5 + 10. Suppose x*f = 7*f - w. What is the greatest common divisor of f and 30?
15
Let z = 189 + -144. What is the greatest common factor of 360 and z?
45
Suppose -2*x + 0*x - 22 = 0. Let p be -2 + -2*(x - -1). Suppose -n - 3*n = -24. What is the highest common divisor of p and n?
6
Let i be 895/15 - 1/(-3). Let y be (16/(-10))/((-8)/i). Suppose s - 4*p - 7 = 0, -3*s - 5*p + 1 = -3. Calculate the highest common factor of y and s.
3
Suppose p = -5*z + 20, -16 = -2*z - 0*z - 2*p. Suppose -z*k + 576 = 5*k. Calculate the greatest common divisor of 24 and k.
24
Suppose -2*g - 16 = -3*g. Let d = -118 + 121. Suppose 2*v + d*h + 87 - 328 = 0, -v + 143 = -3*h. Calculate the greatest common divisor of g and v.
16
Let f(d) = -d**3 + 10*d**2 + 12*d - 24. Let a be f(9). Let x = -4 + 37. What is the highest common divisor of a and x?
33
Let n = -746 + 1138. Calculate the highest common factor of n and 224.
56
Let n(i) = 2*i**3 + i**2 + 3*i - 3. Let b be n(2). Suppose b*m - 81 = 20*m. What is the greatest common factor of 9 and m?
9
Let y = 158 + -57. Suppose -90 = l - y. What is the highest common divisor of 44 and l?
11
Let m = 18 + -10. Suppose 24 = 10*q - m*q. Suppose q*g = 5*g + 672. Calculate the greatest common divisor of 12 and g.
12
Suppose -3*g = -2*g. Suppose -2*u + g*u = -28. Let c = -570 + 598. What is the highest common factor of c and u?
14
Suppose -25 = -5*c, -3*g + 4*g - 2*c = 17. Let q be (0 + -16)/4 + 0 + 85. Calculate the highest common factor of q and g.
27
Let t = 8 + -5. Suppose t*j = 337 + 1919. Let i be j/18 + (-2)/(-9). Calculate the highest common divisor of 6 and i.
6
Let n be (-399)/(-38)*1328/12. Calculate the greatest common factor of 14 and n.
14
Let v be 2 - 1/3*-3. Calculate the greatest common divisor of 1 and v.
1
Suppose 0 = -v + 2*z + 36, 2*v - 7*v - z + 213 = 0. Calculate the greatest common factor of 24 and v.
6
Suppose 9*n - 87 = 2388. Calculate the greatest common divisor of n and 22.
11
Suppose -4*o = 5*l - 65, 3*o - 20 = 2*o - 5*l. Let j = 1615 - 1585. What is the greatest common factor of o and j?
15
Let a(p) = -6*p - 14. Let u(g) = -2*g. Let f be u(2). Let j be a(f). Calculate the highest common factor of 5 and j.
5
Let n = -873 + 1149. What is the highest common divisor of 483 and n?
69
Suppose 1323 = 3*c - 4*q + 259, -5*c = -q - 1796. What is the greatest common divisor of c and 216?
72
Let r be (6 + -3 + -5)*-2. Suppose -p + 3 = m, -2*m + 5*m - 17 = -r*p. Suppose -2*u + 72 = -8. Calculate the highest common factor of p and u.
8
Let u be (885 + 17)*1/2. Suppose -65 = -4*o - 5*x + 300, -5*o + u = x. Calculate the greatest common divisor of o and 60.
30
Suppose 2*c - 22 = -10. What is the greatest common divisor of c and 27?
3
Let n = 39 + -26. Let a = 46 - 33. Calculate the greatest common factor of n and a.
13
Let u(r) = -2*r + 30. Let q be u(7). Calculate the greatest common factor of 72 and q.
8
Let p(n) = -12*n - 7. Let j be p(-2). Suppose 7*g - 35 = 2*g. Let v = j - g. Calculate the greatest common factor of v and 4.
2
Let z(n) = 12*n + 640. Let v be z(-46). Let p = 12 + -4. What is the highest common divisor of v and p?
8
Suppose 41 = 4*i - 3*m, -5*i - 3*m = -0 - 31. Suppose -5*u - i = -28. Let v(p) = -13*p + 177. Let b be v(13). What is the greatest common factor of b and u?
4
Let t = 38 + -36. Suppose 0 = 4*v - t - 62. Suppose 0 = -m - 2*r - 4, 3*m = 2*m - 4*r - 12. Calculate the greatest common divisor of m and v.
4
Suppose 10 = -5*c - 25. Let w(h) = -11*h - 2. Let b be w(1). Let y = c - b. Calculate the highest common factor of 15 and y.
3
Let w(h) = 26*h - 178. Let j be w(9). What is the highest common factor of j and 70?
14
Let x be ((-24)/20)/((-3)/25). Calculate the highest common divisor of x and 20.
10
Let k = -106 + 115. Let z be 51/5 - k/45. What is the greatest common factor of z and 10?
10
Let h be 6*(-3)/(81/(-306)). Calculate the greatest common divisor of h and 51.
17
Let t(x) = 3*x**2 + x + 1. Let y be t(-1). Let q be (-20)/(-7) + y/21. Suppose 0 = -q*r + 27 + 3. Calculate the highest common factor of 50 and r.
10
Suppose 3*u + u - 670 = o, -3*u + 496 = -4*o. Let q be (2/(-8))/((-6)/u). Suppose -6*f - 50 = -q*f. What is the greatest common divisor of 10 and f?
10
Suppose -y = 3*i - 1 - 3, 4*y = -2*i + 16. Suppose i = 7*s - 10*s + 180. Suppose -25 = -2*q + 35. What is the highest common factor of q and s?
30
Let h = -173 - -218. Let i(z) = -3*z - 1. Let q be i(-2). Calculate the highest common factor of h and q.
5
Suppose -z = f - 8, 2*f - 2 + 1 = 3*z. Suppose -4*x + 17 = -z*x. Suppose l - 6*l = -340. What is the greatest common divisor of l and x?
17
Suppose -615 = -9*s + 2787. Calculate the highest common factor of s and 168.
42
Let i = 118 - 61. Suppose 7*d = i + 13. What is the greatest common factor of 15 and d?
5
Let g(z) = -19*z - 520. Let d be g(-28). What is the highest common factor of d and 108?
12
Suppose 50*s + g - 610 = 48*s, g - 2 = 0. Calculate the greatest common divisor of 380 and s.
76
Let t be (0 - -1)/(1/2). Let p(m) = 2*m**2 - 3*m - 3*m**2 + 2 + 8*m**t. Let k be p(2). Calculate the greatest common divisor of k and 60.
12
Let p(x) = -2*x**2 - 2 - 3 - 7*x**3 - 1 + 7. Let v be p(-1). Suppose 5*l + a - 85 = 0, 14 = 4*a - v. Calculate the highest common factor of l and 24.
8
Let y(w) = -9*w + 9. Let d be y(-9). Suppose 4*g - 58 - d = 0. Let t(o) = o**2 + o + 3. Let l be t(13). What is the greatest common factor of g and l?
37
Suppose 3*l - 264 = -24. Let j(x) = -x**2 + 12*x - 3. Let o be j(7). Suppose o = 3*a + 2. What is the greatest common factor of l and a?
10
Suppose 3*q = 4*p - 28, 3*p = 5*q + 10 + 11. Let l(c) = 2*c**2 + 6*c - 3. Let t be l(5). Calculate the highest common factor of t and p.
7
Let w(l) = -l**3 - 28*l**2 - 63*l - 244. Let s be w(-26). Calculate the highest common factor of s and 1239.
21
Let p = 34 + -10. Calculate the greatest common factor of 72 and p.
24
Let p(j) = -j - 4. Let n be p(-4). Let h be 16 + (n - -4)*-1. What is the greatest common divisor of 18 and h?
6
Let b be 62 + (4/(-16))/((-2)/8). Calculate the greatest common factor of 987 and b.
21
Suppose -o + 25 = 5*r, -3*r - 4*o + 33 - 1 = 0. Let d be 10*-2*(-1)/(-4). Let x be (-1)/1 + 34 + d. Calculate the greatest common divisor of x and r.
4
Let l = -480 + 489. What is the highest common factor of l and 81?
9
Suppose -11*b + 4332 + 156 = 0. What is the greatest common factor of b and 48?
24
Let c = -657 - -789. What is the highest common factor of 60 and c?
12
Let h be 13 - (81/36 + (-6)/(-8)). Suppose -931 = -h*u + 829. What is the highest comm